 Suppose 0*s + c*f = s - 11, 0 = 2*f + 4. Let z be s/12 - (-86)/8. Calculate the greatest common divisor of z and 22.
11
Let q(i) = i**2 + 2*i + 250. Let g be q(0). Calculate the greatest common divisor of 50 and g.
50
Suppose -42 = -2*k + 8. Suppose -r + s + 45 = 6*s, 3*s = 4*r - 88. Calculate the greatest common divisor of k and r.
25
Let f(k) = 7*k - 12. Let n be f(4). What is the highest common factor of 2 and n?
2
Suppose 6*h - 18 = 3*h. Suppose k - 2 = h. Let g be k/4 - -1*1. What is the highest common divisor of 33 and g?
3
Let j = 174 + -74. What is the greatest common divisor of 40 and j?
20
Let y be 5/2 - (-1)/2. Suppose -y*l + 22 = -11. Let n = 39 - l. What is the greatest common divisor of n and 7?
7
Let q(r) = 2*r**2 + 21*r + 23. Let z be q(-13). What is the greatest common factor of z and 8?
8
Let f = -394 + 554. What is the greatest common divisor of f and 20?
20
Let t(b) = -b**3 + 5*b**2 - 2. Let c be t(2). Let v(x) = 5*x**2 - x - 2. Let i be v(-2). What is the highest common divisor of c and i?
10
Let k(i) = 187*i**2 - 5*i + 5. Let q be k(1). Suppose -5*x = 3*o - 2*o - 82, 0 = 5*x + 4*o - 73. What is the highest common divisor of q and x?
17
Let o = 17 - -28. Let a(w) = -2 + 13*w - w - 3*w**2 + 2*w**2 - 4*w. Let r be a(7). What is the greatest common factor of r and o?
5
Let r(o) = o**2 + 10*o + 18. Let y be r(-8). Suppose d + 140 = 5*l, 0 = 5*l - 3*d - y*d - 120. Calculate the highest common factor of 261 and l.
29
Let s = -20 + 39. What is the highest common divisor of s and 38?
19
Suppose k + 63 = 2*k + 3*x, 0 = 2*k + 4*x - 124. What is the highest common divisor of 150 and k?
30
Suppose q + 21 - 13 = 0. Let n be ((-4)/q)/((-2)/(-76)). What is the greatest common divisor of n and 133?
19
Let u(s) = -17*s - 13. Let g be u(-9). Suppose 3*q = m + m - 135, 2*m - g = 2*q. Calculate the highest common factor of m and 30.
15
Suppose 5*l + 15 = -5*y, -4*l + 0*y = -4*y - 20. Let n be (-648)/(-10) + l/5. Let r = 47 + -21. What is the highest common divisor of n and r?
13
Suppose -538 = -4*x + 50. Calculate the greatest common divisor of 21 and x.
21
Let p(t) = 8*t + 12. Let y be p(4). What is the greatest common divisor of y and 22?
22
Let k = -37 + 66. Calculate the greatest common divisor of k and 232.
29
Let t(r) = r**3 - 2*r**2 - r + 12. Let w be t(0). What is the greatest common factor of w and 3?
3
Let r(b) = 55*b + 2. Let f be r(2). What is the highest common factor of 16 and f?
16
Suppose p = -4*p - 3*m + 41, -2*m = 5*p - 44. Calculate the highest common factor of p and 80.
10
Suppose 4*s - 5*d - 17 = 0, -22*s - d + 35 = -18*s. Calculate the greatest common factor of s and 36.
4
Suppose 5*v + 3*t - 824 = 0, -3*t = -4*t + 3. Suppose -57 = -4*g + v. Calculate the highest common factor of g and 11.
11
Let m be (26/(-4) + 0)*-2. Suppose -3*h + 17 = -m. Calculate the highest common factor of 5 and h.
5
Suppose -3*m - 2*z + 10 = 0, -5*m + 20 = -m + z. What is the highest common divisor of m and 6?
6
Let f(c) = 5*c - 9. Let j be f(6). Let p = -6 + 4. Let z be (j/6)/(p/(-52)). Calculate the highest common factor of 13 and z.
13
Let t = -56 + 156. What is the highest common divisor of t and 40?
20
Let a = 176 - 122. What is the highest common divisor of a and 6?
6
Suppose 4*r - r - 9 = 0. Suppose 0 = -r*b + 14 + 16. What is the greatest common factor of b and 90?
10
Suppose -i = -245 - 41. Calculate the highest common divisor of 26 and i.
26
Let q = -70 + 140. What is the highest common factor of q and 7?
7
Let z(x) = 3*x**2 + 6*x + 6. Let y be z(-4). Let k = y - -5. What is the highest common divisor of 7 and k?
7
Let f(t) = 3*t**2 - 5*t + 9. Let z be f(3). Calculate the greatest common factor of 3 and z.
3
Suppose 10 + 35 = w. Suppose -8*y + 6*y + 18 = 0. What is the greatest common divisor of w and y?
9
Suppose -4*k - k - 550 = -3*c, 4*c + 4*k = 712. Calculate the highest common divisor of c and 60.
60
Let l(o) = 3*o - 4. Let s be l(-10). Let n = s - -56. Calculate the highest common divisor of n and 33.
11
Suppose -4*f + 12*f = 200. What is the highest common divisor of f and 25?
25
Suppose 5*v = 10*v - 10. Suppose 3*l - 21 = -t + 12, -3*t + 15 = v*l. Calculate the greatest common divisor of l and 48.
12
Suppose 2*g + 2*x = -18, 4*g + 35 = g - 5*x. Let u be (-9)/g + 4/20. What is the greatest common divisor of u and 2?
2
Suppose -34 = -2*a - 4. Calculate the greatest common factor of a and 6.
3
Let r be 5/((-35)/(-2)) + (-2988)/(-126). What is the highest common divisor of 12 and r?
12
Let v(g) = -12*g - 24. Let d be v(-9). Calculate the greatest common factor of 63 and d.
21
Let o = -53 - -115. Let g = 42 - o. Let f = -13 - g. Calculate the greatest common factor of 49 and f.
7
Let l(u) = -u**2 - 14*u + 3. Let s(b) = 2*b + 7. Let o be s(-10). Let i be l(o). What is the greatest common divisor of 24 and i?
8
Let q be (0/(-3) + 12)/(3/9). Let i(w) = -w**2 + 7*w - 2. Let h be i(6). What is the highest common factor of q and h?
4
Let f be (1 - 2)*(1 + 0). Let g be ((-17)/f + 1)*1. Let m be 251/2 - 10/(-20). Calculate the highest common factor of m and g.
18
Let k be 1/(-2) - 849/6. Let i be (-4)/6 + k/(-6). Suppose 0 = 3*f - 16 - i. What is the highest common factor of 117 and f?
13
Let q(y) = y**3 + y. Let w(s) = -5*s**3 + 3*s**2 - 3*s + 4. Let b(n) = 4*q(n) + w(n). Let g be b(3). What is the highest common factor of g and 14?
7
Suppose 3 = 3*o + 3*q - 9, 5*q = o - 22. Calculate the highest common divisor of o and 28.
7
Let b(d) = -d**3 - 7*d**2 + d + 2. Let q be b(-7). Let i be (2 - (-51)/(-15))*q. Suppose -3*p + 14 = -i. Calculate the highest common divisor of 7 and p.
7
Let b = 67 - -164. Calculate the highest common divisor of 11 and b.
11
Let f = -30 - -54. What is the highest common divisor of 120 and f?
24
Let q(k) = -14 + 5*k + 44 + 2*k - 6*k. Let t be q(0). Calculate the greatest common factor of 10 and t.
10
Let i = 8 - -83. Suppose t = -k + i, -t - t + 4*k + 164 = 0. What is the greatest common factor of 11 and t?
11
Suppose -147 = 3*d - 0*d. Let v = 69 + d. Calculate the greatest common factor of 5 and v.
5
Let z(o) = o + 9. Let r be z(-3). Suppose -5*l + 90 = -50. Suppose -4 = -d - j, 2*d = -0*d + 2*j + l. What is the highest common factor of d and r?
3
Let t be 2502/33 - (-4)/22. Let g = -41 + 60. What is the highest common divisor of t and g?
19
Suppose 0 = 5*z - 112 - 63. Calculate the highest common divisor of z and 105.
35
Suppose 0 = -x + 2*x + 3*r - 36, 2*x - 4*r - 42 = 0. Suppose -8 - x = -5*h. Let d = -5 + h. Calculate the greatest common factor of 3 and d.
1
Suppose 0 = -2*v + 274 - 24. Calculate the highest common divisor of 25 and v.
25
Suppose r + 217 = -4*q + 3*q, 4*q + 4 = 0. Let w be r/((-14)/4 + 2). Calculate the highest common factor of w and 16.
16
Suppose -4*c + c = -3. Let p be 3*c*(-2 - -6). Calculate the greatest common divisor of p and 36.
12
Suppose -5 = -d - y, -4*y = -d - 9*y + 21. What is the highest common divisor of 11 and d?
1
Suppose 0 = v - 2*l - 206, 19 = 5*l - 6. Calculate the greatest common divisor of v and 24.
24
Let k(m) = -m - 6. Let t be k(-8). Suppose -n + 3*r = -25, r - t*r = 4. What is the greatest common factor of 65 and n?
13
Let u(h) = h**2 - 8*h - 7. Let t be u(-5). Suppose -4*y = -8, -5*p - 3*y + t = 7. Calculate the highest common divisor of 3 and p.
3
Suppose 251 + 100 = 3*g. Suppose -6*f = f - 91. Calculate the greatest common divisor of g and f.
13
Suppose 5*w - 2*w = 51. Let n be ((-10)/15)/((-2)/15). Let p be -3*(-2 - n*3). What is the highest common factor of w and p?
17
Let j be 12/(-8) + 774/4. Calculate the highest common factor of j and 12.
12
Let r be 144/7 - 66/(-154). What is the greatest common divisor of r and 273?
21
Let h = -15 + 25. Let z be 2/(1*4/h). Let x be 5/((z/3)/5). Calculate the greatest common factor of x and 5.
5
Let n be (-17)/5 - (-6)/(-10). Let u = n - -6. Suppose -3*j + 40 = u*j. What is the greatest common factor of 56 and j?
8
Let p be (15/10)/((-1)/(-12)). Suppose -7 + p = -q. Let j = q + 22. Calculate the highest common divisor of 22 and j.
11
Suppose -20 + 842 = 2*z - 2*u, 3*z - 5*u - 1241 = 0. Calculate the greatest common factor of 37 and z.
37
Suppose -h - 1 = 3*p, 5*h - h - 81 = 5*p. Calculate the highest common divisor of 7